9
Calculate the highest common divisor of 28130 and 17848.
194
Calculate the highest common divisor of 916344 and 68352.
2136
What is the greatest common factor of 7688 and 2294?
62
Calculate the highest common divisor of 1558 and 17466.
82
Calculate the highest common factor of 2295 and 6516.
9
What is the greatest common divisor of 2625586 and 724?
362
Calculate the greatest common factor of 80794 and 12586.
406
What is the greatest common factor of 117118 and 248?
62
What is the highest common divisor of 588 and 6636?
84
Calculate the greatest common divisor of 1904 and 9296.
112
What is the greatest common factor of 4524 and 102?
6
Calculate the highest common factor of 258 and 570.
6
Calculate the highest common factor of 72499 and 28.
7
Calculate the greatest common divisor of 1013768 and 688.
344
What is the greatest common factor of 48 and 3569208?
24
Calculate the greatest common factor of 6613 and 493.
17
Calculate the greatest common factor of 65 and 157638.
13
What is the highest common divisor of 3168396 and 762?
762
Calculate the greatest common divisor of 10303060 and 40.
20
Calculate the greatest common factor of 132030 and 705.
15
What is the highest common factor of 262467 and 189?
27
Calculate the greatest common divisor of 1685 and 365.
5
What is the greatest common divisor of 1684618 and 26?
26
What is the greatest common factor of 222 and 10767?
111
Calculate the highest common divisor of 8288 and 48026.
74
What is the highest common divisor of 2541 and 1008?
21
Calculate the highest common factor of 85472 and 800.
32
Calculate the highest common factor of 32 and 84256.
32
Calculate the greatest common factor of 23160060 and 110.
110
What is the greatest common factor of 377 and 37726?
13
What is the greatest common factor of 15049 and 707?
101
Calculate the highest common divisor of 18351 and 9.
9
What is the greatest common divisor of 7252 and 1406?
74
What is the highest common factor of 4950 and 891?
99
Calculate the highest common factor of 394419 and 657.
219
Calculate the highest common factor of 350 and 219114.
14
What is the highest common factor of 6894 and 168?
6
What is the greatest common divisor of 4471 and 544?
17
Calculate the highest common factor of 45567 and 14691.
249
Calculate the greatest common divisor of 414 and 360.
18
Calculate the highest common divisor of 578 and 105128.
34
Calculate the greatest common divisor of 6713 and 7261.
137
Calculate the greatest common divisor of 2163295 and 5.
5
Calculate the highest common factor of 7216 and 3696.
176
Calculate the highest common divisor of 527 and 279.
31
Calculate the highest common factor of 54 and 30558.
6
Calculate the highest common divisor of 3664 and 18720.
16
Calculate the highest common factor of 1157 and 16732.
89
What is the greatest common divisor of 1178037 and 2737?
161
What is the highest common divisor of 42 and 72947?
7
What is the greatest common factor of 46417 and 798?
133
Calculate the greatest common factor of 520 and 51740.
260
What is the greatest common divisor of 153 and 19686?
51
Calculate the highest common divisor of 305 and 129076.
61
What is the greatest common factor of 4173 and 312?
39
Calculate the highest common factor of 23951 and 25843.
43
What is the highest common factor of 6430 and 160?
10
What is the highest common divisor of 2376 and 409752?
216
What is the greatest common divisor of 120164 and 572?
44
What is the highest common factor of 912 and 24576?
48
What is the highest common factor of 1411 and 6772800?
1411
Calculate the highest common factor of 8849274 and 14.
14
What is the greatest common divisor of 11826 and 162?
162
What is the greatest common divisor of 15 and 204360?
15
Calculate the highest common divisor of 54157 and 589.
31
What is the highest common divisor of 265 and 677605?
265
What is the greatest common factor of 24822 and 2205?
63
Calculate the greatest common factor of 52143 and 8190.
273
What is the highest common factor of 104200 and 1000?
200
What is the greatest common factor of 810 and 4080?
30
Calculate the highest common divisor of 845 and 2197.
169
What is the greatest common divisor of 5 and 6177?
1
Calculate the greatest common divisor of 1470150 and 55.
55
What is the highest common factor of 1668 and 3423570?
834
What is the greatest common divisor of 30 and 793090?
10
Calculate the highest common divisor of 661969 and 187.
11
What is the greatest common divisor of 2221 and 5?
1
Calculate the highest common factor of 735987 and 63.
21
Calculate the greatest common factor of 1220 and 244.
244
What is the highest common factor of 6870239 and 86?
43
Calculate the highest common factor of 29915 and 682.
31
What is the greatest common divisor of 75975 and 375?
75
Calculate the highest common divisor of 223940 and 140.
20
Calculate the highest common factor of 249 and 508707.
249
What is the highest common divisor of 28112 and 4144?
112
What is the highest common divisor of 4588 and 63736?
124
What is the highest common factor of 240975 and 585?
45
What is the greatest common factor of 15 and 7825?
5
Calculate the highest common factor of 11413 and 101.
101
Calculate the greatest common factor of 512205 and 15.
15
Calculate the greatest common divisor of 4 and 5158.
2
What is the highest common divisor of 5760420 and 1116?
372
What is the highest common divisor of 10 and 524740?
10
What is the highest common factor of 226708 and 3768?
628
Calculate the highest common divisor of 6640 and 1079.
83
What is the greatest common factor of 21200 and 1300?
100
Calculate the greatest common factor of 9450 and 10150.
350
What is the greatest common divisor of 22490 and 650?
130
Calculate the highest common factor of 84 and 62104.
28
What is the highest common factor of 6140 and 192796?
1228
Calculate the highest common divisor of 67 and 39.
1
What is the highest common factor of 61976 and 18056?
488
Calculate the highest common divisor of 165 and 33.
33
What is the highest common factor of 95418 and 2592?
162
What is the highest common divisor of 200 and 27800?
200
Calculate the greatest common factor of 57 and 112822.
19
What is the highest common divisor of 1770 and 1662?
6
What is the greatest common factor of 348 and 6032?
116
What is the highest common factor of 17570 and 1295?
35
What is the greatest common divisor of 1292 and 3672?
68
What is the greatest common divisor of 313155 and 765?
45
Calculate the highest common factor of 5337 and 333.
9
What is the highest common factor of 54 and 58152?
6
Calculate the greatest common divisor of 392 and 14336.
56
What is the greatest common factor of 203647 and 4141?
41
What is the highest common factor of 1906 and 34?
2
Calculate the highest common factor of 2532 and 11292.
12
Calculate the highest common factor of 1146597 and 93.
93
What is the highest common divisor of 602 and 2184?
14
Calculate the highest common factor of 11696 and 918.
34
Calculate the greatest common divisor of 5111 and 53531.
269
Calculate the greatest common factor of 786 and 7450494.
786
What is the highest common divisor of 86 and 467926?
86
Calculate the highest common divisor of 41172 and 46.
2
What is the greatest common factor of 431 and 187485?
431
What is the highest common factor of 2370 and 2865?
15
Calculate the greatest common divisor of 87 and 189428.
29
What is the highest common factor of 300135 and 98175?
2805
What is the greatest common divisor of 29415 and 888?
111
Calculate the highest common divisor of 3752 and 1288.
56
Calculate the greatest common factor of 337524 and 1188.
132
What is the greatest common divisor of 7 and 4575823?
7
Calculate the greatest common factor of 912 and 39264.
48
What is the highest common divisor of 101278 and 632?
158
What is the greatest common divisor of 245215 and 5?
5
Calculate the highest common divisor of 678069 and 819.
63
What is the highest common divisor of 38662 and 247?
13
What is the greatest common factor of 1778 and 46746?
14
What is the greatest common factor of 56 and 114856?
56
Calculate the highest common factor of 756 and 126657.
27
Calculate the greatest common factor of 1168 and 319448.
584
Calculate the highest common divisor of 282 and 1175047.
47
Calculate the greatest common factor